4. Determine u(a).
4
Let y(a) = -7*a**3. Suppose t = 4*m - 4*t - 16, m + 3*t - 4 = 0. Suppose 3*c + d = -7, 5*c + 2*d + m = -9. What is y(c)?
7
Let h(i) = i + 7. Let g(p) = 3*p + 12. Let u be g(-6). Calculate h(u).
1
Let l(h) = -8*h**3 + 2*h**2 - h. Let d = -4 + 10. Let t be (d + -2 - 2) + -1. Determine l(t).
-7
Let o(u) = -7*u**2 + 8. Let v(y) = 13*y**2 - 15. Let k(b) = -11*o(b) - 6*v(b). Let g = 7 - 7. Calculate k(g).
2
Let h(u) = u + 10. Suppose 3*x + 4*m - m = 21, -3 = -m. Suppose -4*t + 22 = -5*z, 3*z - 4*t = z - x. What is h(z)?
4
Let g(w) = w**3 - 6*w**2 - 8*w - 6. Suppose 7 + 35 = 6*o. Determine g(o).
-13
Let f(p) = -3*p**2 - 3*p + 3. Let w = 54 - 57. Give f(w).
-15
Let c(f) = -f + 3. Suppose -5*a = -25 - 5. Give c(a).
-3
Let b(u) = u**3 + u**2 - 3*u - 1. Let h(t) = -t**3 - t**2 - 1. Let j be h(-2). Suppose 0 = 2*c + 5*r - 12, -24 = c - 5*c + j*r. Let v = 4 - c. Determine b(v).
1
Let l(x) = 3*x + 3. Let v be l(-3). Let o(q) be the second derivative of -q**5/20 - q**4/2 + q**3/6 + q**2/2 + 21*q. Give o(v).
-5
Let n be (-4)/(-10) - 26/(-10). Suppose -n*d = -8*d + 20. Let f(h) = 2*h + 1. Give f(d).
9
Suppose q + 6 = -2*k, 0*k + 3 = -q - k. Let y(u) be the third derivative of u**4/24 + u**3/6 + 7*u**2. Calculate y(q).
1
Let i(w) = w**2 + 7*w + 2. Let b = 14 - 17. What is i(b)?
-10
Let r(q) be the first derivative of -q**3/3 - q - 6. Let a(u) = 4*u**2 + 3*u + 2. Let z(t) = -a(t) - 5*r(t). Calculate z(2).
1
Let f(a) = -a**3 + a - 1. Let z(p) = -7*p**3 - 4*p**2 + 12*p. Let q(b) = 6*f(b) - z(b). Let y(v) = 4*v**3 - 2*v**2 + 1. Let w be y(-1). Determine q(w).
-1
Let j(i) = -7*i. Let w(t) = t**3 + 7*t**2 - 15*t + 8. Let o(u) = u**3 + 7*u**2 - 14*u + 7. Let r(m) = 7*o(m) - 6*w(m). Let x be r(-8). Give j(x).
-7
Let t = 26 - 18. Suppose -t - 4 = -4*c. Let i(h) = h - h + c*h + 3 - 2*h. Determine i(-6).
-3
Let j(a) = 5*a + 3*a - 2*a + 5. Let m(b) = -5*b - 5. Let s(f) = -4*j(f) - 5*m(f). Suppose 4 = -y - 1. What is s(y)?
0
Suppose 3*l + 16 = 7*l. Let s = 4 - l. Let b(p) = -1 + s*p**2 - p**2 + 2 + 2*p. What is b(-1)?
-2
Let r(c) = -1. Let n(j) = -2*j + 4. Let q(v) = -2*n(v) - 11*r(v). What is q(-3)?
-9
Let f be (-4)/6*(-72)/16. Let o = -3 - f. Let i(s) = s**2 + 3*s - 4. Calculate i(o).
14
Let p be (-12)/(-9)*3/2. Let b(d) = 5*d - 6*d + 4*d - p*d. Determine b(-6).
-6
Let s be 24/(-8) - 22/(-2). Let l(k) = 2*k**2 + 7*k**3 + 2*k - s*k**3 + 2*k - k. Give l(3).
0
Let x(f) = 7*f + 66. Let i be x(-10). Let h(v) be the first derivative of -v**4/4 - 4*v**3/3 - v**2 - 4*v + 1. Give h(i).
4
Let q(o) = -o**2 - 8*o + 1. Let u be q(-8). Let b be u/2*-4 + 7. Let z(k) = -k**2 + 7*k - 7. What is z(b)?
3
Let d(x) be the third derivative of -x**7/2520 - x**6/720 + x**5/60 - x**4/24 - x**2. Let y(r) be the second derivative of d(r). Let j = -55 + 52. What is y(j)?
-4
Let u(w) = 2*w**3 + 21*w**2 - 18. Let y(q) = -q**3 - 10*q**2 + 9. Let f(x) = 2*u(x) + 5*y(x). Calculate f(-8).
9
Let u(c) = -3*c - 24 - 7*c**2 + 5*c**2 + 22. Give u(-2).
-4
Let z be 35/28 + (-2)/8. Let v be 1 + 2 - 7*z. Let r(i) = i**2 + 4*i + 6. Calculate r(v).
6
Suppose 4*m + j = -0*j + 30, -j - 34 = -4*m. Let x = m - 5. Suppose -x*c = -2*c. Let a(i) = i + 2. What is a(c)?
2
Let b(n) be the first derivative of -n**4/4 - n**3 + 2*n**2 + 6*n - 2. Let o(c) = 4*c. Let d be o(-1). Calculate b(d).
6
Let u(i) = -12*i**3 + 2*i**2 - 1. Let g = 25 - 24. Determine u(g).
-11
Suppose 5*i - 16 = 2*w, 4*w - 2*i = -0*w. Let m(j) = j**3 - 3*j**2 - j + 2. Determine m(w).
-4
Let s be (14/(-12) + 1)*4*-6. Let k(b) = b**2 - 3*b + 5. Calculate k(s).
9
Let b(c) = c**2 + 5*c + 5. Let x(u) = -u - 1. Let h(g) = b(g) - 2*x(g). Let r be 2/4 - (-4)/(-8). Suppose -20 = -r*z + 4*z. Calculate h(z).
-3
Let g(j) = -14*j**3 + 2*j**2 + 8*j - 1. Let k(y) = 5*y**3 - y**2 - 3*y. Let h be 3 + -1 - (-3 + 1). Let o(s) = h*g(s) + 11*k(s). Determine o(-3).
-1
Let t(r) = -r**2 + 6*r + 7. Let f(k) = 7*k**2 + k + 2. Let h be f(-1). Calculate t(h).
-9
Let d(n) = -6. Let g(w) = w - 6. Let a(h) = -2*d(h) + 3*g(h). Let l be (-3)/(-2)*(-30)/(-9). Calculate a(l).
9
Let l(y) be the third derivative of y**4/24 + 13*y**3/6 + 14*y**2. What is l(-11)?
2
Let u(x) = -4*x**2 - 244 - x**2 + 246 - x**3. Determine u(-5).
2
Let k = 5 - 2. Let f(w) = 6*w**2 - 7*w + 3. Suppose 3*b - 13 = 2*g, -7 - 4 = -2*b - g. Let y(t) = t**2 - t. Let m(v) = b*y(v) - f(v). Determine m(k).
-6
Let s be (-3)/2*64/(-12). Suppose s = f + f. Let t(l) = l**3 + 2*l - 6*l + 8 + f*l. Calculate t(0).
8
Let m(p) be the second derivative of -p**5/20 - p**4/4 + 7*p**3/6 + 5*p**2/2 - 3*p. Let v be 6/(3 - 27/6). Calculate m(v).
-7
Let h(j) = j**2 - 5*j + 2. Let z(s) = s**2 + 2. Suppose -5*k + 1 = -9. Let a be z(k). Calculate h(a).
8
Let n(o) = o. Let u be 105/49 + (-2)/14. Calculate n(u).
2
Let d(s) be the third derivative of -s**4/24 - s**3/3 + 19*s**2. What is d(5)?
-7
Let c(d) be the second derivative of -d**4/6 + d**3/2 - 3*d**2/2 - 15*d. Let p be (-24)/(-10) + (-8)/20. Determine c(p).
-5
Let m(r) = r**3 + 4*r**2 - 4. Let w be m(-3). Suppose -w*t + 25 = -0*t. Let u(l) = l**2 - 3*l - 1. Give u(t).
9
Let y(d) = -d**3 + d**2 - 17 - 16*d + 4 + 17*d. What is y(0)?
-13
Let s be 8 - 4 - 1*(2 - -1). Let k(v) = -v**3 - 3*v**2 - 2*v + 2. Let c(f) = -2*f**3 - 4*f**2 - 3*f + 3. Let t(d) = 2*c(d) - 3*k(d). Determine t(s).
0
Let s = -15 + 14. Let o(p) = 13 - 9*p + 2*p - 8*p - 12. Determine o(s).
16
Let o(w) be the first derivative of -w**4/12 - 5*w**3/6 - 2*w**2 - 4*w + 4. Let a(u) be the first derivative of o(u). Let c = 3 + -7. Determine a(c).
0
Let s(h) = 5*h**2 - 4*h + 1. Let t(l) = -6*l**2 + 5*l. Let b(q) = -5*s(q) - 4*t(q). Determine b(0).
-5
Let b(p) = -p**3 + 2*p**2 + 2*p - 2. Let t be 3/7 - (2 - 32/7). What is b(t)?
-5
Suppose 3*j - 5*a - 16 - 1 = 0, 12 = 4*j + 4*a. Suppose s + j*q + 5 = -2*s, -1 = 3*s + 2*q. Suppose -s = c - 0. Let p(t) = -5*t + 1. Determine p(c).
6
Suppose 3*u - 30 = -2*u. Let k(x) = x**3 + 2*x + u - 3*x - x - 6*x**2. Calculate k(6).
-6
Let j(w) = 44 - 45 - 4*w**3 + w**3 - 5*w**3 - w - w**2. What is j(-1)?
7
Let y(d) = -d**3 - d**2 - d - 2. Let r be (2 + -3)*(-3 + 5). Calculate y(r).
4
Let j(r) = -r**2 - 6*r - 4. Let v(o) = -o + 2. Let u be v(0). Suppose 3 = u*t + 11. Give j(t).
4
Let h(y) = -4*y + 45. Let b be h(12). Let s(c) = -c**3 - 5*c**2 - 4*c - 1. Calculate s(b).
-7
Let p(f) = f**3 - f - 2. Let c be -2 + (0 - -4)/2. Calculate p(c).
-2
Let w(c) = -2*c**2 - 3*c - 5*c**2 - 4 + 5*c**2 + c**2. Give w(-4).
-8
Let w(b) be the third derivative of b**6/120 - 7*b**5/60 + 3*b**4/8 - 5*b**3/6 + 40*b**2. Give w(6).
13
Let d(u) = 21 - u - 20 - 3*u. Let y(g) = g**2 - 2. Let o be y(2). Give d(o).
-7
Let w(i) = i**2 - 6*i - 4. Let v be w(7). Let z(t) = v - 3 + 2 + 4*t. Suppose -3*c = 2*c - 4*r + 35, 5*r = c + 28. Determine z(c).
-10
Let k(i) = -5*i**3 - i - 1. Suppose 4*c - 2*z = 20, -c + 2 = -3*z - 3. Suppose 3*g - 1 = 2*d, 2*d = c*d + 4*g - 7. Let n = d - 2. Give k(n).
5
Let i = -8 + 5. Let v(l) = l. Calculate v(i).
-3
Let n(y) = 2*y**2 - 12*y - 6. Let v be n(6). Let f(w) = w - 4. Give f(v).
-10
Let r(s) = -5*s**3 + 33*s**2 + 19*s + 15. Let u(d) = d**3 - 8*d**2 - 5*d - 4. Let o(j) = -2*r(j) - 9*u(j). What is o(-5)?
-4
Let h(m) = 24*m + 1. Let l(p) = -49*p - 2. Let z(g) = 9*h(g) + 4*l(g). Determine z(-1).
-19
Let z(o) = 2*o - 1. Let v be z(4). Let u(r) = 7*r + r**2 - v*r + 1. Give u(-2).
5
Suppose 0 = -125*j + 124*j. Let s(y) = -y - 4. Give s(j).
-4
Let k be 1/(1/2) - 1. Suppose 2*b = -3 + k. Let y(z) = -z**3. Let c(f) = f**2 - 4*f + 3. Let j(u) = b*c(u) + y(u). Calculate j(2).
-7
Let p be (3 - -2)/(1/1). Suppose -3*h = -2*l + 1 + 5, -2*l - 10 = p*h. Let v = 0 - l. Let t(g) = -g**2. Give t(v).
0
Let q(l) = -2*l - 3*l - 3*l**2 + 4*l**2 - 2*l**2 - 2. Let a(p) = -p**2 + p + 1. Let m be a(3). Calculate q(m).
-2
Let x(l) = -4*l**2 - 10*l - 30. Let c(g) = -g**2 - 3*g - 10. Let k(w) = -7*c(w) + 2*x(w). Suppose 5*r = -2 - 8. Let a be (-4)/r - (-4)/(-2). What is k(a)?
10
Let g(i) = -i + 4. Let n(u) = -u**3 - 4*u**2 - 3*u - 4. Let q be n(-3). Let f = -5 - -5. Let t = f - q. Calculate g(t).
0
Let k(m) = -11*m**3 - 13*m**2 + 2*m - 16. Let x(i) = -4*i**3 - 4*i**2 + i - 5. Let s(q) = -3*k(q) + 8*x(q). What is s(-7)?
-6
Let a(f) = -5*f**2 + 5. Let l(h) = -4*h**2 + 4. Let v(u) = 5*a(u) - 6*l(u). Suppose 0 